{"id":21983,"date":"2025-12-24T22:59:50","date_gmt":"2025-12-24T22:59:50","guid":{"rendered":"https:\/\/revistaliterariaelgatonegro.com\/?post_type=product&#038;p=21983"},"modified":"2025-12-26T14:47:51","modified_gmt":"2025-12-26T14:47:51","slug":"la-venus-del-smartphone","status":"publish","type":"product","link":"https:\/\/revistaliterariaelgatonegro.com\/?product=la-venus-del-smartphone","title":{"rendered":"LA VENUS DEL SMARTPHONE"},"content":{"rendered":"<p>La b\u00fasqueda del amor ha evolucionado con la tecnolog\u00eda, convirti\u00e9ndose en un proceso que a menudo se reduce a un mero deslizamiento de pantalla en aplicaciones de citas. En su obra \u00abLa Venus del \u2018smartphone\u2019\u00bb, la periodista Marita Alonso examina las profundas implicaciones que esta evoluci\u00f3n tiene en nuestras relaciones y salud mental. Se plantea c\u00f3mo este &#8216;swipe&#8217; constante puede afectar la manera en que nos relacionamos emocionalmente y c\u00f3mo la repetida experiencia del rechazo puede impactar nuestro bienestar psicol\u00f3gico. Alonso investiga el surgimiento de un modelo comercial alrededor de la b\u00fasqueda de pareja y c\u00f3mo se ha vuelto un negocio para generar ganancias.<\/p>\n<p>Adem\u00e1s, se arroja luz sobre la naturaleza de nuestros perfiles en estas plataformas, cuestionando si realmente reflejan qui\u00e9nes somos o si son simplemente construcciones dise\u00f1adas para atraer. El an\u00e1lisis se enriquece con enfoques de diversas disciplinas como la sociolog\u00eda, la psicolog\u00eda, el feminismo, y la etnograf\u00eda digital, lo que permite delinear un marco comprensivo de este fen\u00f3meno cultural. Alonso tambi\u00e9n explora el rol que juegan factores como el dinero, la pol\u00edtica y la sexualidad dentro de este contexto, y plantea la interrogante de si el verdadero amor puede realmente encontrarse a trav\u00e9s de instrumentos dise\u00f1ados para la satisfacci\u00f3n instant\u00e1nea, en un entorno que parece ser un interminable juego de azar. La obra plantea as\u00ed un cuestionamiento relevante y cr\u00edtico sobre c\u00f3mo las herramientas modernas para encontrar pareja han reconfigurado nuestras expectativas y la propia esencia de las relaciones interpersonales en la era digital.<\/p>\n","protected":false},"excerpt":{"rendered":"<h3><strong>Marita Alonso<\/strong><\/h3>\n<p class=\"f-serif f-w-4 subtitulo balance-title svelte-dxpbx6\">As\u00ed han cambiado las aplicaciones de citas nuestra forma de relacionarnos.\u00a0<span title=\"Text included in the summary\">La periodista Marita Alonso<\/span> se sumerge en el pasado, presente y futuro <span title=\"Text included in the summary\">de las<\/span> aplicaciones de citas para desvelar sus mecanismos internos y sacar a la luz sus contradicciones.<\/p>\n<ul>\n<li class=\"campo f-size-0 f-w-4 my-2 d-grid svelte-1yhk452\" data-campo=\"Editorial\"><b class=\"f-w-7\">Editorial: <\/b>Editorial Carpe Noctem<\/li>\n<li class=\"campo f-size-0 f-w-4 my-2 d-grid svelte-1yhk452\" data-campo=\"ISBN\"><b class=\"f-w-7\">ISBN: <\/b>9788412929362<\/li>\n<li class=\"campo f-size-0 f-w-4 my-2 d-grid svelte-1yhk452\" data-campo=\"Idioma\"><b class=\"f-w-7\">Idioma: <\/b>Castellano<\/li>\n<li class=\"campo f-size-0 f-w-4 my-2 d-grid svelte-1yhk452\" data-campo=\"N\u00famero de p\u00e1ginas\"><b class=\"f-w-7\">N\u00famero de p\u00e1ginas: <\/b>128<\/li>\n<li class=\"campo f-size-0 f-w-4 my-2 d-grid svelte-1yhk452\" data-campo=\"Encuadernaci\u00f3n\"><b class=\"f-w-7\">Encuadernaci\u00f3n: <\/b>Tapa blanda<\/li>\n<\/ul>\n<p>&nbsp;<\/p>\n<p><a href=\"https:\/\/tidd.ly\/3L8poEg\" target=\"_blank\" rel=\"noopener\"><button class=\"boton1\">Libro<\/button><\/a><\/p>\n","protected":false},"featured_media":21994,"template":"","meta":[],"product_brand":[],"product_cat":[200],"product_tag":[201],"class_list":{"0":"post-21983","1":"product","2":"type-product","3":"status-publish","4":"has-post-thumbnail","6":"product_cat-sociologia","7":"product_tag-estudios-sociologicos","9":"first","10":"instock","11":"sale","12":"taxable","13":"shipping-taxable","14":"product-type-external"},"yoast_head":"<!-- This site is optimized with the Yoast SEO plugin v27.4 - https:\/\/yoast.com\/product\/yoast-seo-wordpress\/ -->\n<title>LA VENUS DEL SMARTPHONE - REVISTA CULTURAL<\/title>\n<meta name=\"description\" content=\"La periodista Marita Alonso se sumerge en el pasado, presente y futuro de las aplicaciones de citas para desvelar sus mecanismos internos y sacar a la luz\" \/>\n<meta name=\"robots\" content=\"index, follow, max-snippet:-1, max-image-preview:large, max-video-preview:-1\" \/>\n<link rel=\"canonical\" href=\"https:\/\/revistaliterariaelgatonegro.com\/?product=la-venus-del-smartphone\" \/>\n<meta property=\"og:locale\" content=\"es_ES\" \/>\n<meta property=\"og:type\" content=\"article\" \/>\n<meta property=\"og:title\" content=\"LA VENUS DEL SMARTPHONE - REVISTA CULTURAL\" \/>\n<meta property=\"og:description\" content=\"La periodista Marita Alonso se sumerge en el pasado, presente y futuro de las aplicaciones de citas para desvelar sus mecanismos internos y sacar a la luz\" \/>\n<meta property=\"og:url\" content=\"https:\/\/revistaliterariaelgatonegro.com\/?product=la-venus-del-smartphone\" \/>\n<meta property=\"og:site_name\" content=\"REVISTA CULTURAL\" \/>\n<meta property=\"article:modified_time\" content=\"2025-12-26T14:47:51+00:00\" \/>\n<meta property=\"og:image\" content=\"https:\/\/revistaliterariaelgatonegro.com\/wp-content\/uploads\/2025\/12\/LaVenusDelSmartphonePortada-1.jpg\" \/>\n\t<meta property=\"og:image:width\" content=\"1671\" \/>\n\t<meta property=\"og:image:height\" content=\"2479\" \/>\n\t<meta property=\"og:image:type\" content=\"image\/jpeg\" \/>\n<meta name=\"twitter:card\" content=\"summary_large_image\" \/>\n<meta name=\"twitter:label1\" content=\"Tiempo de lectura\" \/>\n\t<meta name=\"twitter:data1\" content=\"2 minutos\" \/>\n<script type=\"application\/ld+json\" class=\"yoast-schema-graph\">{\"@context\":\"https:\\\/\\\/schema.org\",\"@graph\":[{\"@type\":\"WebPage\",\"@id\":\"https:\\\/\\\/revistaliterariaelgatonegro.com\\\/?product=la-venus-del-smartphone\",\"url\":\"https:\\\/\\\/revistaliterariaelgatonegro.com\\\/?product=la-venus-del-smartphone\",\"name\":\"LA VENUS DEL SMARTPHONE - REVISTA CULTURAL\",\"isPartOf\":{\"@id\":\"https:\\\/\\\/revistaliterariaelgatonegro.com\\\/#website\"},\"primaryImageOfPage\":{\"@id\":\"https:\\\/\\\/revistaliterariaelgatonegro.com\\\/?product=la-venus-del-smartphone#primaryimage\"},\"image\":{\"@id\":\"https:\\\/\\\/revistaliterariaelgatonegro.com\\\/?product=la-venus-del-smartphone#primaryimage\"},\"thumbnailUrl\":\"https:\\\/\\\/revistaliterariaelgatonegro.com\\\/wp-content\\\/uploads\\\/2025\\\/12\\\/LaVenusDelSmartphonePortada-1.jpg\",\"datePublished\":\"2025-12-24T22:59:50+00:00\",\"dateModified\":\"2025-12-26T14:47:51+00:00\",\"description\":\"La periodista Marita Alonso se sumerge en el pasado, presente y futuro de las aplicaciones de citas para desvelar sus mecanismos internos y sacar a la luz\",\"breadcrumb\":{\"@id\":\"https:\\\/\\\/revistaliterariaelgatonegro.com\\\/?product=la-venus-del-smartphone#breadcrumb\"},\"inLanguage\":\"es\",\"potentialAction\":[{\"@type\":\"ReadAction\",\"target\":[\"https:\\\/\\\/revistaliterariaelgatonegro.com\\\/?product=la-venus-del-smartphone\"]}]},{\"@type\":\"ImageObject\",\"inLanguage\":\"es\",\"@id\":\"https:\\\/\\\/revistaliterariaelgatonegro.com\\\/?product=la-venus-del-smartphone#primaryimage\",\"url\":\"https:\\\/\\\/revistaliterariaelgatonegro.com\\\/wp-content\\\/uploads\\\/2025\\\/12\\\/LaVenusDelSmartphonePortada-1.jpg\",\"contentUrl\":\"https:\\\/\\\/revistaliterariaelgatonegro.com\\\/wp-content\\\/uploads\\\/2025\\\/12\\\/LaVenusDelSmartphonePortada-1.jpg\",\"width\":1671,\"height\":2479},{\"@type\":\"BreadcrumbList\",\"@id\":\"https:\\\/\\\/revistaliterariaelgatonegro.com\\\/?product=la-venus-del-smartphone#breadcrumb\",\"itemListElement\":[{\"@type\":\"ListItem\",\"position\":1,\"name\":\"Portada\",\"item\":\"https:\\\/\\\/revistaliterariaelgatonegro.com\\\/\"},{\"@type\":\"ListItem\",\"position\":2,\"name\":\"Librer\u00eda\",\"item\":\"https:\\\/\\\/revistaliterariaelgatonegro.com\\\/?page_id=20159\"},{\"@type\":\"ListItem\",\"position\":3,\"name\":\"LA VENUS DEL SMARTPHONE\"}]},{\"@type\":\"WebSite\",\"@id\":\"https:\\\/\\\/revistaliterariaelgatonegro.com\\\/#website\",\"url\":\"https:\\\/\\\/revistaliterariaelgatonegro.com\\\/\",\"name\":\"REVISTA CULTURAL\",\"description\":\" Un nuevo espacio para la divulgaci\u00f3n literaria, as\u00ed como dem\u00e1s artes \",\"publisher\":{\"@id\":\"https:\\\/\\\/revistaliterariaelgatonegro.com\\\/#\\\/schema\\\/person\\\/6a37dd51e0f101e394e91c123fd12e8a\"},\"potentialAction\":[{\"@type\":\"SearchAction\",\"target\":{\"@type\":\"EntryPoint\",\"urlTemplate\":\"https:\\\/\\\/revistaliterariaelgatonegro.com\\\/?s={search_term_string}\"},\"query-input\":{\"@type\":\"PropertyValueSpecification\",\"valueRequired\":true,\"valueName\":\"search_term_string\"}}],\"inLanguage\":\"es\"},{\"@type\":[\"Person\",\"Organization\"],\"@id\":\"https:\\\/\\\/revistaliterariaelgatonegro.com\\\/#\\\/schema\\\/person\\\/6a37dd51e0f101e394e91c123fd12e8a\",\"name\":\"administrador\",\"image\":{\"@type\":\"ImageObject\",\"inLanguage\":\"es\",\"@id\":\"https:\\\/\\\/revistaliterariaelgatonegro.com\\\/wp-content\\\/uploads\\\/2025\\\/12\\\/cropped-Logotipo-Logo-Marca-personal-Pastel-Amarillo-12-Photoroom.png\",\"url\":\"https:\\\/\\\/revistaliterariaelgatonegro.com\\\/wp-content\\\/uploads\\\/2025\\\/12\\\/cropped-Logotipo-Logo-Marca-personal-Pastel-Amarillo-12-Photoroom.png\",\"contentUrl\":\"https:\\\/\\\/revistaliterariaelgatonegro.com\\\/wp-content\\\/uploads\\\/2025\\\/12\\\/cropped-Logotipo-Logo-Marca-personal-Pastel-Amarillo-12-Photoroom.png\",\"width\":364,\"height\":212,\"caption\":\"administrador\"},\"logo\":{\"@id\":\"https:\\\/\\\/revistaliterariaelgatonegro.com\\\/wp-content\\\/uploads\\\/2025\\\/12\\\/cropped-Logotipo-Logo-Marca-personal-Pastel-Amarillo-12-Photoroom.png\"},\"sameAs\":[\"http:\\\/\\\/s864831950.mialojamiento.es\"]}]}<\/script>\n<!-- \/ Yoast SEO plugin. -->","yoast_head_json":{"title":"LA VENUS DEL SMARTPHONE - REVISTA CULTURAL","description":"La periodista Marita Alonso se sumerge en el pasado, presente y futuro de las aplicaciones de citas para desvelar sus mecanismos internos y sacar a la luz","robots":{"index":"index","follow":"follow","max-snippet":"max-snippet:-1","max-image-preview":"max-image-preview:large","max-video-preview":"max-video-preview:-1"},"canonical":"https:\/\/revistaliterariaelgatonegro.com\/?product=la-venus-del-smartphone","og_locale":"es_ES","og_type":"article","og_title":"LA VENUS DEL SMARTPHONE - REVISTA CULTURAL","og_description":"La periodista Marita Alonso se sumerge en el pasado, presente y futuro de las aplicaciones de citas para desvelar sus mecanismos internos y sacar a la luz","og_url":"https:\/\/revistaliterariaelgatonegro.com\/?product=la-venus-del-smartphone","og_site_name":"REVISTA CULTURAL","article_modified_time":"2025-12-26T14:47:51+00:00","og_image":[{"width":1671,"height":2479,"url":"https:\/\/revistaliterariaelgatonegro.com\/wp-content\/uploads\/2025\/12\/LaVenusDelSmartphonePortada-1.jpg","type":"image\/jpeg"}],"twitter_card":"summary_large_image","twitter_misc":{"Tiempo de lectura":"2 minutos"},"schema":{"@context":"https:\/\/schema.org","@graph":[{"@type":"WebPage","@id":"https:\/\/revistaliterariaelgatonegro.com\/?product=la-venus-del-smartphone","url":"https:\/\/revistaliterariaelgatonegro.com\/?product=la-venus-del-smartphone","name":"LA VENUS DEL SMARTPHONE - REVISTA CULTURAL","isPartOf":{"@id":"https:\/\/revistaliterariaelgatonegro.com\/#website"},"primaryImageOfPage":{"@id":"https:\/\/revistaliterariaelgatonegro.com\/?product=la-venus-del-smartphone#primaryimage"},"image":{"@id":"https:\/\/revistaliterariaelgatonegro.com\/?product=la-venus-del-smartphone#primaryimage"},"thumbnailUrl":"https:\/\/revistaliterariaelgatonegro.com\/wp-content\/uploads\/2025\/12\/LaVenusDelSmartphonePortada-1.jpg","datePublished":"2025-12-24T22:59:50+00:00","dateModified":"2025-12-26T14:47:51+00:00","description":"La periodista Marita Alonso se sumerge en el pasado, presente y futuro de las aplicaciones de citas para desvelar sus mecanismos internos y sacar a la luz","breadcrumb":{"@id":"https:\/\/revistaliterariaelgatonegro.com\/?product=la-venus-del-smartphone#breadcrumb"},"inLanguage":"es","potentialAction":[{"@type":"ReadAction","target":["https:\/\/revistaliterariaelgatonegro.com\/?product=la-venus-del-smartphone"]}]},{"@type":"ImageObject","inLanguage":"es","@id":"https:\/\/revistaliterariaelgatonegro.com\/?product=la-venus-del-smartphone#primaryimage","url":"https:\/\/revistaliterariaelgatonegro.com\/wp-content\/uploads\/2025\/12\/LaVenusDelSmartphonePortada-1.jpg","contentUrl":"https:\/\/revistaliterariaelgatonegro.com\/wp-content\/uploads\/2025\/12\/LaVenusDelSmartphonePortada-1.jpg","width":1671,"height":2479},{"@type":"BreadcrumbList","@id":"https:\/\/revistaliterariaelgatonegro.com\/?product=la-venus-del-smartphone#breadcrumb","itemListElement":[{"@type":"ListItem","position":1,"name":"Portada","item":"https:\/\/revistaliterariaelgatonegro.com\/"},{"@type":"ListItem","position":2,"name":"Librer\u00eda","item":"https:\/\/revistaliterariaelgatonegro.com\/?page_id=20159"},{"@type":"ListItem","position":3,"name":"LA VENUS DEL SMARTPHONE"}]},{"@type":"WebSite","@id":"https:\/\/revistaliterariaelgatonegro.com\/#website","url":"https:\/\/revistaliterariaelgatonegro.com\/","name":"REVISTA CULTURAL","description":" Un nuevo espacio para la divulgaci\u00f3n literaria, as\u00ed como dem\u00e1s artes ","publisher":{"@id":"https:\/\/revistaliterariaelgatonegro.com\/#\/schema\/person\/6a37dd51e0f101e394e91c123fd12e8a"},"potentialAction":[{"@type":"SearchAction","target":{"@type":"EntryPoint","urlTemplate":"https:\/\/revistaliterariaelgatonegro.com\/?s={search_term_string}"},"query-input":{"@type":"PropertyValueSpecification","valueRequired":true,"valueName":"search_term_string"}}],"inLanguage":"es"},{"@type":["Person","Organization"],"@id":"https:\/\/revistaliterariaelgatonegro.com\/#\/schema\/person\/6a37dd51e0f101e394e91c123fd12e8a","name":"administrador","image":{"@type":"ImageObject","inLanguage":"es","@id":"https:\/\/revistaliterariaelgatonegro.com\/wp-content\/uploads\/2025\/12\/cropped-Logotipo-Logo-Marca-personal-Pastel-Amarillo-12-Photoroom.png","url":"https:\/\/revistaliterariaelgatonegro.com\/wp-content\/uploads\/2025\/12\/cropped-Logotipo-Logo-Marca-personal-Pastel-Amarillo-12-Photoroom.png","contentUrl":"https:\/\/revistaliterariaelgatonegro.com\/wp-content\/uploads\/2025\/12\/cropped-Logotipo-Logo-Marca-personal-Pastel-Amarillo-12-Photoroom.png","width":364,"height":212,"caption":"administrador"},"logo":{"@id":"https:\/\/revistaliterariaelgatonegro.com\/wp-content\/uploads\/2025\/12\/cropped-Logotipo-Logo-Marca-personal-Pastel-Amarillo-12-Photoroom.png"},"sameAs":["http:\/\/s864831950.mialojamiento.es"]}]}},"_links":{"self":[{"href":"https:\/\/revistaliterariaelgatonegro.com\/index.php?rest_route=\/wp\/v2\/product\/21983","targetHints":{"allow":["GET"]}}],"collection":[{"href":"https:\/\/revistaliterariaelgatonegro.com\/index.php?rest_route=\/wp\/v2\/product"}],"about":[{"href":"https:\/\/revistaliterariaelgatonegro.com\/index.php?rest_route=\/wp\/v2\/types\/product"}],"wp:featuredmedia":[{"embeddable":true,"href":"https:\/\/revistaliterariaelgatonegro.com\/index.php?rest_route=\/wp\/v2\/media\/21994"}],"wp:attachment":[{"href":"https:\/\/revistaliterariaelgatonegro.com\/index.php?rest_route=%2Fwp%2Fv2%2Fmedia&parent=21983"}],"wp:term":[{"taxonomy":"product_brand","embeddable":true,"href":"https:\/\/revistaliterariaelgatonegro.com\/index.php?rest_route=%2Fwp%2Fv2%2Fproduct_brand&post=21983"},{"taxonomy":"product_cat","embeddable":true,"href":"https:\/\/revistaliterariaelgatonegro.com\/index.php?rest_route=%2Fwp%2Fv2%2Fproduct_cat&post=21983"},{"taxonomy":"product_tag","embeddable":true,"href":"https:\/\/revistaliterariaelgatonegro.com\/index.php?rest_route=%2Fwp%2Fv2%2Fproduct_tag&post=21983"}],"curies":[{"name":"wp","href":"https:\/\/api.w.org\/{rel}","templated":true}]}}