{"id":7834,"date":"2023-02-06T18:02:21","date_gmt":"2023-02-06T18:02:21","guid":{"rendered":"https:\/\/revistaliterariaelgatonegro.com\/?page_id=7834"},"modified":"2023-02-08T11:21:01","modified_gmt":"2023-02-08T11:21:01","slug":"rita-bompadre","status":"publish","type":"page","link":"https:\/\/revistaliterariaelgatonegro.com\/?page_id=7834","title":{"rendered":"Rita Bompadre"},"content":{"rendered":"\n<figure class=\"wp-block-image alignright size-large is-resized\"><img decoding=\"async\" src=\"https:\/\/revistaliterariaelgatonegro.com\/wp-content\/uploads\/2023\/02\/rita-bompadre-700x525.jpg\" alt=\"\" class=\"wp-image-7858\" width=\"350\" height=\"263\" srcset=\"https:\/\/revistaliterariaelgatonegro.com\/wp-content\/uploads\/2023\/02\/rita-bompadre-700x525.jpg 700w, https:\/\/revistaliterariaelgatonegro.com\/wp-content\/uploads\/2023\/02\/rita-bompadre-300x225.jpg 300w, https:\/\/revistaliterariaelgatonegro.com\/wp-content\/uploads\/2023\/02\/rita-bompadre-64x48.jpg 64w, https:\/\/revistaliterariaelgatonegro.com\/wp-content\/uploads\/2023\/02\/rita-bompadre-768x576.jpg 768w, https:\/\/revistaliterariaelgatonegro.com\/wp-content\/uploads\/2023\/02\/rita-bompadre.jpg 1280w\" sizes=\"(max-width: 350px) 100vw, 350px\" \/><\/figure>\n\n\n\n<p>Rita Bompadre es operadora cultural, escritora, poeta. Vive y trabaja en San Ginesio (Macerata). Miembro de honor de la UNS &#8211; Uni\u00f3n Nacional de Escritores y Artistas &#8211; Roma. Inscrito en el Registro de Escritores Italianos y Europeos &#8211; UNS Roma.Inscrito en el Registro de Escritores Fernando Palazzi &#8211; Roma Gruppo Cultura Italia.Inscrito en el S.I.A.E. en el puesto de Autor de las obras Literario desde 2004.<\/p>\n\n\n\n<p>Ha publicado tres colecciones de poemas: <em>Collezione privata<\/em> (Bravi Edizioni, Macerata 1999), <em>Blu notte <\/em>(Bravi Edizioni, Macerata 2002), <em>Ad arte<\/em> (Bravi Edizioni, Macerata 2006). Ha participado con sus obras en Lecturas Po\u00e9ticas y Revistas Nacionales de Poes\u00eda.<\/p>\n\n\n\n<p>Ha obtenido premios absolutos y premios al m\u00e9rito po\u00e9tico en importantes cert\u00e1menes literarios nacional. Sus escritos aparecen en revistas y antolog\u00edas de poes\u00eda nacionales e internacionales.<\/p>\n\n\n\n<p>Desde 2019 est\u00e1 presente en diversos diarios y revistas online con rese\u00f1as de libros.<\/p>\n","protected":false},"excerpt":{"rendered":"<p>Rita Bompadre es operadora cultural, escritora, poeta. Vive y trabaja en San Ginesio (Macerata). Miembro de honor de<\/p>\n","protected":false},"author":1,"featured_media":0,"parent":0,"menu_order":0,"comment_status":"closed","ping_status":"closed","template":"","meta":{"footnotes":""},"class_list":["post-7834","page","type-page","status-publish","hentry"],"yoast_head":"<!-- This site is optimized with the Yoast SEO plugin v27.5 - https:\/\/yoast.com\/product\/yoast-seo-wordpress\/ -->\n<title>Rita Bompadre - REVISTA CULTURAL<\/title>\n<meta name=\"robots\" content=\"index, follow, max-snippet:-1, max-image-preview:large, max-video-preview:-1\" \/>\n<link rel=\"canonical\" href=\"https:\/\/revistaliterariaelgatonegro.com\/?page_id=7834\" \/>\n<meta property=\"og:locale\" content=\"es_ES\" \/>\n<meta property=\"og:type\" content=\"article\" \/>\n<meta property=\"og:title\" content=\"Rita Bompadre - REVISTA CULTURAL\" \/>\n<meta property=\"og:description\" content=\"Rita Bompadre es operadora cultural, escritora, poeta. Vive y trabaja en San Ginesio (Macerata). Miembro de honor de\" \/>\n<meta property=\"og:url\" content=\"https:\/\/revistaliterariaelgatonegro.com\/?page_id=7834\" \/>\n<meta property=\"og:site_name\" content=\"REVISTA CULTURAL\" \/>\n<meta property=\"article:modified_time\" content=\"2023-02-08T11:21:01+00:00\" \/>\n<meta property=\"og:image\" content=\"https:\/\/revistaliterariaelgatonegro.com\/wp-content\/uploads\/2023\/02\/rita-bompadre-700x525.jpg\" \/>\n<meta name=\"twitter:card\" content=\"summary_large_image\" \/>\n<script type=\"application\/ld+json\" class=\"yoast-schema-graph\">{\"@context\":\"https:\\\/\\\/schema.org\",\"@graph\":[{\"@type\":\"WebPage\",\"@id\":\"https:\\\/\\\/revistaliterariaelgatonegro.com\\\/?page_id=7834\",\"url\":\"https:\\\/\\\/revistaliterariaelgatonegro.com\\\/?page_id=7834\",\"name\":\"Rita Bompadre - REVISTA CULTURAL\",\"isPartOf\":{\"@id\":\"https:\\\/\\\/revistaliterariaelgatonegro.com\\\/#website\"},\"primaryImageOfPage\":{\"@id\":\"https:\\\/\\\/revistaliterariaelgatonegro.com\\\/?page_id=7834#primaryimage\"},\"image\":{\"@id\":\"https:\\\/\\\/revistaliterariaelgatonegro.com\\\/?page_id=7834#primaryimage\"},\"thumbnailUrl\":\"https:\\\/\\\/revistaliterariaelgatonegro.com\\\/wp-content\\\/uploads\\\/2023\\\/02\\\/rita-bompadre-700x525.jpg\",\"datePublished\":\"2023-02-06T18:02:21+00:00\",\"dateModified\":\"2023-02-08T11:21:01+00:00\",\"breadcrumb\":{\"@id\":\"https:\\\/\\\/revistaliterariaelgatonegro.com\\\/?page_id=7834#breadcrumb\"},\"inLanguage\":\"es\",\"potentialAction\":[{\"@type\":\"ReadAction\",\"target\":[\"https:\\\/\\\/revistaliterariaelgatonegro.com\\\/?page_id=7834\"]}]},{\"@type\":\"ImageObject\",\"inLanguage\":\"es\",\"@id\":\"https:\\\/\\\/revistaliterariaelgatonegro.com\\\/?page_id=7834#primaryimage\",\"url\":\"https:\\\/\\\/revistaliterariaelgatonegro.com\\\/wp-content\\\/uploads\\\/2023\\\/02\\\/rita-bompadre.jpg\",\"contentUrl\":\"https:\\\/\\\/revistaliterariaelgatonegro.com\\\/wp-content\\\/uploads\\\/2023\\\/02\\\/rita-bompadre.jpg\",\"width\":1280,\"height\":960},{\"@type\":\"BreadcrumbList\",\"@id\":\"https:\\\/\\\/revistaliterariaelgatonegro.com\\\/?page_id=7834#breadcrumb\",\"itemListElement\":[{\"@type\":\"ListItem\",\"position\":1,\"name\":\"Portada\",\"item\":\"https:\\\/\\\/revistaliterariaelgatonegro.com\\\/\"},{\"@type\":\"ListItem\",\"position\":2,\"name\":\"Rita Bompadre\"}]},{\"@type\":\"WebSite\",\"@id\":\"https:\\\/\\\/revistaliterariaelgatonegro.com\\\/#website\",\"url\":\"https:\\\/\\\/revistaliterariaelgatonegro.com\\\/\",\"name\":\"REVISTA CULTURAL\",\"description\":\" Un nuevo espacio para la divulgaci\u00f3n literaria, as\u00ed como dem\u00e1s artes \",\"publisher\":{\"@id\":\"https:\\\/\\\/revistaliterariaelgatonegro.com\\\/#\\\/schema\\\/person\\\/6a37dd51e0f101e394e91c123fd12e8a\"},\"potentialAction\":[{\"@type\":\"SearchAction\",\"target\":{\"@type\":\"EntryPoint\",\"urlTemplate\":\"https:\\\/\\\/revistaliterariaelgatonegro.com\\\/?s={search_term_string}\"},\"query-input\":{\"@type\":\"PropertyValueSpecification\",\"valueRequired\":true,\"valueName\":\"search_term_string\"}}],\"inLanguage\":\"es\"},{\"@type\":[\"Person\",\"Organization\"],\"@id\":\"https:\\\/\\\/revistaliterariaelgatonegro.com\\\/#\\\/schema\\\/person\\\/6a37dd51e0f101e394e91c123fd12e8a\",\"name\":\"administrador\",\"image\":{\"@type\":\"ImageObject\",\"inLanguage\":\"es\",\"@id\":\"https:\\\/\\\/revistaliterariaelgatonegro.com\\\/wp-content\\\/uploads\\\/2025\\\/12\\\/cropped-Logotipo-Logo-Marca-personal-Pastel-Amarillo-12-Photoroom.png\",\"url\":\"https:\\\/\\\/revistaliterariaelgatonegro.com\\\/wp-content\\\/uploads\\\/2025\\\/12\\\/cropped-Logotipo-Logo-Marca-personal-Pastel-Amarillo-12-Photoroom.png\",\"contentUrl\":\"https:\\\/\\\/revistaliterariaelgatonegro.com\\\/wp-content\\\/uploads\\\/2025\\\/12\\\/cropped-Logotipo-Logo-Marca-personal-Pastel-Amarillo-12-Photoroom.png\",\"width\":364,\"height\":212,\"caption\":\"administrador\"},\"logo\":{\"@id\":\"https:\\\/\\\/revistaliterariaelgatonegro.com\\\/wp-content\\\/uploads\\\/2025\\\/12\\\/cropped-Logotipo-Logo-Marca-personal-Pastel-Amarillo-12-Photoroom.png\"},\"sameAs\":[\"http:\\\/\\\/s864831950.mialojamiento.es\"]}]}<\/script>\n<!-- \/ Yoast SEO plugin. -->","yoast_head_json":{"title":"Rita Bompadre - REVISTA CULTURAL","robots":{"index":"index","follow":"follow","max-snippet":"max-snippet:-1","max-image-preview":"max-image-preview:large","max-video-preview":"max-video-preview:-1"},"canonical":"https:\/\/revistaliterariaelgatonegro.com\/?page_id=7834","og_locale":"es_ES","og_type":"article","og_title":"Rita Bompadre - REVISTA CULTURAL","og_description":"Rita Bompadre es operadora cultural, escritora, poeta. Vive y trabaja en San Ginesio (Macerata). Miembro de honor de","og_url":"https:\/\/revistaliterariaelgatonegro.com\/?page_id=7834","og_site_name":"REVISTA CULTURAL","article_modified_time":"2023-02-08T11:21:01+00:00","og_image":[{"url":"https:\/\/revistaliterariaelgatonegro.com\/wp-content\/uploads\/2023\/02\/rita-bompadre-700x525.jpg","type":"","width":"","height":""}],"twitter_card":"summary_large_image","schema":{"@context":"https:\/\/schema.org","@graph":[{"@type":"WebPage","@id":"https:\/\/revistaliterariaelgatonegro.com\/?page_id=7834","url":"https:\/\/revistaliterariaelgatonegro.com\/?page_id=7834","name":"Rita Bompadre - REVISTA CULTURAL","isPartOf":{"@id":"https:\/\/revistaliterariaelgatonegro.com\/#website"},"primaryImageOfPage":{"@id":"https:\/\/revistaliterariaelgatonegro.com\/?page_id=7834#primaryimage"},"image":{"@id":"https:\/\/revistaliterariaelgatonegro.com\/?page_id=7834#primaryimage"},"thumbnailUrl":"https:\/\/revistaliterariaelgatonegro.com\/wp-content\/uploads\/2023\/02\/rita-bompadre-700x525.jpg","datePublished":"2023-02-06T18:02:21+00:00","dateModified":"2023-02-08T11:21:01+00:00","breadcrumb":{"@id":"https:\/\/revistaliterariaelgatonegro.com\/?page_id=7834#breadcrumb"},"inLanguage":"es","potentialAction":[{"@type":"ReadAction","target":["https:\/\/revistaliterariaelgatonegro.com\/?page_id=7834"]}]},{"@type":"ImageObject","inLanguage":"es","@id":"https:\/\/revistaliterariaelgatonegro.com\/?page_id=7834#primaryimage","url":"https:\/\/revistaliterariaelgatonegro.com\/wp-content\/uploads\/2023\/02\/rita-bompadre.jpg","contentUrl":"https:\/\/revistaliterariaelgatonegro.com\/wp-content\/uploads\/2023\/02\/rita-bompadre.jpg","width":1280,"height":960},{"@type":"BreadcrumbList","@id":"https:\/\/revistaliterariaelgatonegro.com\/?page_id=7834#breadcrumb","itemListElement":[{"@type":"ListItem","position":1,"name":"Portada","item":"https:\/\/revistaliterariaelgatonegro.com\/"},{"@type":"ListItem","position":2,"name":"Rita Bompadre"}]},{"@type":"WebSite","@id":"https:\/\/revistaliterariaelgatonegro.com\/#website","url":"https:\/\/revistaliterariaelgatonegro.com\/","name":"REVISTA CULTURAL","description":" Un nuevo espacio para la divulgaci\u00f3n literaria, as\u00ed como dem\u00e1s artes ","publisher":{"@id":"https:\/\/revistaliterariaelgatonegro.com\/#\/schema\/person\/6a37dd51e0f101e394e91c123fd12e8a"},"potentialAction":[{"@type":"SearchAction","target":{"@type":"EntryPoint","urlTemplate":"https:\/\/revistaliterariaelgatonegro.com\/?s={search_term_string}"},"query-input":{"@type":"PropertyValueSpecification","valueRequired":true,"valueName":"search_term_string"}}],"inLanguage":"es"},{"@type":["Person","Organization"],"@id":"https:\/\/revistaliterariaelgatonegro.com\/#\/schema\/person\/6a37dd51e0f101e394e91c123fd12e8a","name":"administrador","image":{"@type":"ImageObject","inLanguage":"es","@id":"https:\/\/revistaliterariaelgatonegro.com\/wp-content\/uploads\/2025\/12\/cropped-Logotipo-Logo-Marca-personal-Pastel-Amarillo-12-Photoroom.png","url":"https:\/\/revistaliterariaelgatonegro.com\/wp-content\/uploads\/2025\/12\/cropped-Logotipo-Logo-Marca-personal-Pastel-Amarillo-12-Photoroom.png","contentUrl":"https:\/\/revistaliterariaelgatonegro.com\/wp-content\/uploads\/2025\/12\/cropped-Logotipo-Logo-Marca-personal-Pastel-Amarillo-12-Photoroom.png","width":364,"height":212,"caption":"administrador"},"logo":{"@id":"https:\/\/revistaliterariaelgatonegro.com\/wp-content\/uploads\/2025\/12\/cropped-Logotipo-Logo-Marca-personal-Pastel-Amarillo-12-Photoroom.png"},"sameAs":["http:\/\/s864831950.mialojamiento.es"]}]}},"_links":{"self":[{"href":"https:\/\/revistaliterariaelgatonegro.com\/index.php?rest_route=\/wp\/v2\/pages\/7834","targetHints":{"allow":["GET"]}}],"collection":[{"href":"https:\/\/revistaliterariaelgatonegro.com\/index.php?rest_route=\/wp\/v2\/pages"}],"about":[{"href":"https:\/\/revistaliterariaelgatonegro.com\/index.php?rest_route=\/wp\/v2\/types\/page"}],"author":[{"embeddable":true,"href":"https:\/\/revistaliterariaelgatonegro.com\/index.php?rest_route=\/wp\/v2\/users\/1"}],"replies":[{"embeddable":true,"href":"https:\/\/revistaliterariaelgatonegro.com\/index.php?rest_route=%2Fwp%2Fv2%2Fcomments&post=7834"}],"version-history":[{"count":4,"href":"https:\/\/revistaliterariaelgatonegro.com\/index.php?rest_route=\/wp\/v2\/pages\/7834\/revisions"}],"predecessor-version":[{"id":7861,"href":"https:\/\/revistaliterariaelgatonegro.com\/index.php?rest_route=\/wp\/v2\/pages\/7834\/revisions\/7861"}],"wp:attachment":[{"href":"https:\/\/revistaliterariaelgatonegro.com\/index.php?rest_route=%2Fwp%2Fv2%2Fmedia&parent=7834"}],"curies":[{"name":"wp","href":"https:\/\/api.w.org\/{rel}","templated":true}]}}

<figure class="wp-block-image alignright size-large is-resized"><img decoding="async" src="https://revistaliterariaelgatonegro.com/wp-content/uploads/2023/02/rita-bompadre-700x525.jpg" alt="" class="wp-image-7858" width="350" height="263" srcset="https://revistaliterariaelgatonegro.com/wp-content/uploads/2023/02/rita-bompadre-700x525.jpg 700w, https://revistaliterariaelgatonegro.com/wp-content/uploads/2023/02/rita-bompadre-300x225.jpg 300w, https://revistaliterariaelgatonegro.com/wp-content/uploads/2023/02/rita-bompadre-64x48.jpg 64w, https://revistaliterariaelgatonegro.com/wp-content/uploads/2023/02/rita-bompadre-768x576.jpg 768w, https://revistaliterariaelgatonegro.com/wp-content/uploads/2023/02/rita-bompadre.jpg 1280w" sizes="(max-width: 350px) 100vw, 350px" /></figure>



<p>Rita Bompadre es operadora cultural, escritora, poeta. Vive y trabaja en San Ginesio (Macerata). Miembro de honor de la UNS &#8211; Unión Nacional de Escritores y Artistas &#8211; Roma. Inscrito en el Registro de Escritores Italianos y Europeos &#8211; UNS Roma.Inscrito en el Registro de Escritores Fernando Palazzi &#8211; Roma Gruppo Cultura Italia.Inscrito en el S.I.A.E. en el puesto de Autor de las obras Literario desde 2004.</p>



<p>Ha publicado tres colecciones de poemas: <em>Collezione privata</em> (Bravi Edizioni, Macerata 1999), <em>Blu notte </em>(Bravi Edizioni, Macerata 2002), <em>Ad arte</em> (Bravi Edizioni, Macerata 2006). Ha participado con sus obras en Lecturas Poéticas y Revistas Nacionales de Poesía.</p>



<p>Ha obtenido premios absolutos y premios al mérito poético en importantes certámenes literarios nacional. Sus escritos aparecen en revistas y antologías de poesía nacionales e internacionales.</p>



<p>Desde 2019 está presente en diversos diarios y revistas online con reseñas de libros.</p>

<!-- This site is optimized with the Yoast SEO plugin v27.5 - https://yoast.com/product/yoast-seo-wordpress/ -->
<title>Rita Bompadre - REVISTA CULTURAL</title>
<meta name="robots" content="index, follow, max-snippet:-1, max-image-preview:large, max-video-preview:-1" />
<link rel="canonical" href="https://revistaliterariaelgatonegro.com/?page_id=7834" />
<meta property="og:locale" content="es_ES" />
<meta property="og:type" content="article" />
<meta property="og:title" content="Rita Bompadre - REVISTA CULTURAL" />
<meta property="og:description" content="Rita Bompadre es operadora cultural, escritora, poeta. Vive y trabaja en San Ginesio (Macerata). Miembro de honor de" />
<meta property="og:url" content="https://revistaliterariaelgatonegro.com/?page_id=7834" />
<meta property="og:site_name" content="REVISTA CULTURAL" />
<meta property="article:modified_time" content="2023-02-08T11:21:01+00:00" />
<meta property="og:image" content="https://revistaliterariaelgatonegro.com/wp-content/uploads/2023/02/rita-bompadre-700x525.jpg" />
<meta name="twitter:card" content="summary_large_image" />
<script type="application/ld+json" class="yoast-schema-graph">{"@context":"https:\/\/schema.org","@graph":[{"@type":"WebPage","@id":"https:\/\/revistaliterariaelgatonegro.com\/?page_id=7834","url":"https:\/\/revistaliterariaelgatonegro.com\/?page_id=7834","name":"Rita Bompadre - REVISTA CULTURAL","isPartOf":{"@id":"https:\/\/revistaliterariaelgatonegro.com\/#website"},"primaryImageOfPage":{"@id":"https:\/\/revistaliterariaelgatonegro.com\/?page_id=7834#primaryimage"},"image":{"@id":"https:\/\/revistaliterariaelgatonegro.com\/?page_id=7834#primaryimage"},"thumbnailUrl":"https:\/\/revistaliterariaelgatonegro.com\/wp-content\/uploads\/2023\/02\/rita-bompadre-700x525.jpg","datePublished":"2023-02-06T18:02:21+00:00","dateModified":"2023-02-08T11:21:01+00:00","breadcrumb":{"@id":"https:\/\/revistaliterariaelgatonegro.com\/?page_id=7834#breadcrumb"},"inLanguage":"es","potentialAction":[{"@type":"ReadAction","target":["https:\/\/revistaliterariaelgatonegro.com\/?page_id=7834"]}]},{"@type":"ImageObject","inLanguage":"es","@id":"https:\/\/revistaliterariaelgatonegro.com\/?page_id=7834#primaryimage","url":"https:\/\/revistaliterariaelgatonegro.com\/wp-content\/uploads\/2023\/02\/rita-bompadre.jpg","contentUrl":"https:\/\/revistaliterariaelgatonegro.com\/wp-content\/uploads\/2023\/02\/rita-bompadre.jpg","width":1280,"height":960},{"@type":"BreadcrumbList","@id":"https:\/\/revistaliterariaelgatonegro.com\/?page_id=7834#breadcrumb","itemListElement":[{"@type":"ListItem","position":1,"name":"Portada","item":"https:\/\/revistaliterariaelgatonegro.com\/"},{"@type":"ListItem","position":2,"name":"Rita Bompadre"}]},{"@type":"WebSite","@id":"https:\/\/revistaliterariaelgatonegro.com\/#website","url":"https:\/\/revistaliterariaelgatonegro.com\/","name":"REVISTA CULTURAL","description":" Un nuevo espacio para la divulgación literaria, así como demás artes ","publisher":{"@id":"https:\/\/revistaliterariaelgatonegro.com\/#\/schema\/person\/6a37dd51e0f101e394e91c123fd12e8a"},"potentialAction":[{"@type":"SearchAction","target":{"@type":"EntryPoint","urlTemplate":"https:\/\/revistaliterariaelgatonegro.com\/?s={search_term_string}"},"query-input":{"@type":"PropertyValueSpecification","valueRequired":true,"valueName":"search_term_string"}}],"inLanguage":"es"},{"@type":["Person","Organization"],"@id":"https:\/\/revistaliterariaelgatonegro.com\/#\/schema\/person\/6a37dd51e0f101e394e91c123fd12e8a","name":"administrador","image":{"@type":"ImageObject","inLanguage":"es","@id":"https:\/\/revistaliterariaelgatonegro.com\/wp-content\/uploads\/2025\/12\/cropped-Logotipo-Logo-Marca-personal-Pastel-Amarillo-12-Photoroom.png","url":"https:\/\/revistaliterariaelgatonegro.com\/wp-content\/uploads\/2025\/12\/cropped-Logotipo-Logo-Marca-personal-Pastel-Amarillo-12-Photoroom.png","contentUrl":"https:\/\/revistaliterariaelgatonegro.com\/wp-content\/uploads\/2025\/12\/cropped-Logotipo-Logo-Marca-personal-Pastel-Amarillo-12-Photoroom.png","width":364,"height":212,"caption":"administrador"},"logo":{"@id":"https:\/\/revistaliterariaelgatonegro.com\/wp-content\/uploads\/2025\/12\/cropped-Logotipo-Logo-Marca-personal-Pastel-Amarillo-12-Photoroom.png"},"sameAs":["http:\/\/s864831950.mialojamiento.es"]}]}</script>
<!-- / Yoast SEO plugin. -->

Un nuevo espacio para la divulgación literaria, así como demás artes
